{"id":1443,"date":"2022-01-27T16:00:24","date_gmt":"2022-01-27T16:00:24","guid":{"rendered":"https:\/\/dannyukes.com\/?post_type=product&#038;p=1443"},"modified":"2022-04-04T17:38:46","modified_gmt":"2022-04-04T17:38:46","slug":"bdjuk","status":"publish","type":"product","link":"https:\/\/dannyukes.com\/?product=bdjuk","title":{"rendered":"BDJUK"},"content":{"rendered":"<p>Marca: Danny ukes<br \/>\nEspecificaciones: Capodastro para Ukulele<\/p>\n\n\t\t<style type=\"text\/css\">\n\t\t\t#gallery-1 {\n\t\t\t\tmargin: auto;\n\t\t\t}\n\t\t\t#gallery-1 .gallery-item {\n\t\t\t\tfloat: left;\n\t\t\t\tmargin-top: 10px;\n\t\t\t\ttext-align: center;\n\t\t\t\twidth: 33%;\n\t\t\t}\n\t\t\t#gallery-1 img {\n\t\t\t\tborder: 2px solid #cfcfcf;\n\t\t\t}\n\t\t\t#gallery-1 .gallery-caption {\n\t\t\t\tmargin-left: 0;\n\t\t\t}\n\t\t\t\/* see gallery_shortcode() in wp-includes\/media.php *\/\n\t\t<\/style>\n\t\t<div id='gallery-1' class='gallery galleryid-1443 gallery-columns-3 gallery-size-large'><dl class='gallery-item'>\n\t\t\t<dt class='gallery-icon landscape'>\n\t\t\t\t<a href='https:\/\/dannyukes.com\/wp-content\/uploads\/2022\/01\/64.png'><img loading=\"lazy\" decoding=\"async\" width=\"1024\" height=\"682\" src=\"https:\/\/dannyukes.com\/wp-content\/uploads\/2022\/01\/64-1024x682.png\" class=\"attachment-large size-large\" alt=\"\" srcset=\"https:\/\/dannyukes.com\/wp-content\/uploads\/2022\/01\/64-1024x682.png 1024w, https:\/\/dannyukes.com\/wp-content\/uploads\/2022\/01\/64-300x200.png 300w, https:\/\/dannyukes.com\/wp-content\/uploads\/2022\/01\/64-768x512.png 768w, https:\/\/dannyukes.com\/wp-content\/uploads\/2022\/01\/64-450x300.png 450w, https:\/\/dannyukes.com\/wp-content\/uploads\/2022\/01\/64.png 1280w\" sizes=\"(max-width: 1024px) 100vw, 1024px\" \/><\/a>\n\t\t\t<\/dt><\/dl><dl class='gallery-item'>\n\t\t\t<dt class='gallery-icon landscape'>\n\t\t\t\t<a href='https:\/\/dannyukes.com\/wp-content\/uploads\/2022\/01\/65.png'><img loading=\"lazy\" decoding=\"async\" width=\"1024\" height=\"682\" src=\"https:\/\/dannyukes.com\/wp-content\/uploads\/2022\/01\/65-1024x682.png\" class=\"attachment-large size-large\" alt=\"\" srcset=\"https:\/\/dannyukes.com\/wp-content\/uploads\/2022\/01\/65-1024x682.png 1024w, https:\/\/dannyukes.com\/wp-content\/uploads\/2022\/01\/65-300x200.png 300w, https:\/\/dannyukes.com\/wp-content\/uploads\/2022\/01\/65-768x512.png 768w, https:\/\/dannyukes.com\/wp-content\/uploads\/2022\/01\/65-450x300.png 450w, https:\/\/dannyukes.com\/wp-content\/uploads\/2022\/01\/65.png 1280w\" sizes=\"(max-width: 1024px) 100vw, 1024px\" \/><\/a>\n\t\t\t<\/dt><\/dl><dl class='gallery-item'>\n\t\t\t<dt class='gallery-icon landscape'>\n\t\t\t\t<a href='https:\/\/dannyukes.com\/wp-content\/uploads\/2022\/01\/66.png'><img loading=\"lazy\" decoding=\"async\" width=\"1024\" height=\"682\" src=\"https:\/\/dannyukes.com\/wp-content\/uploads\/2022\/01\/66-1024x682.png\" class=\"attachment-large size-large\" alt=\"\" srcset=\"https:\/\/dannyukes.com\/wp-content\/uploads\/2022\/01\/66-1024x682.png 1024w, https:\/\/dannyukes.com\/wp-content\/uploads\/2022\/01\/66-300x200.png 300w, https:\/\/dannyukes.com\/wp-content\/uploads\/2022\/01\/66-768x512.png 768w, https:\/\/dannyukes.com\/wp-content\/uploads\/2022\/01\/66-450x300.png 450w, https:\/\/dannyukes.com\/wp-content\/uploads\/2022\/01\/66.png 1280w\" sizes=\"(max-width: 1024px) 100vw, 1024px\" \/><\/a>\n\t\t\t<\/dt><\/dl><br style=\"clear: both\" \/>\n\t\t<\/div>\n\n","protected":false},"excerpt":{"rendered":"<p>La\u00a0<strong>cejilla autom\u00e1tica o capotraste<\/strong> es un accesorio que hace la misma funci\u00f3n de tu dedo \u00edndice presionando los trastes. Es decir, modifica el sonido de las cuerdas a trav\u00e9s de cierto grado de presi\u00f3n aplicado directamente sobre el traste deseado!!!<\/p>\n","protected":false},"featured_media":1450,"template":"","meta":{"_joinchat":[]},"product_cat":[370],"product_tag":[],"_links":{"self":[{"href":"https:\/\/dannyukes.com\/index.php?rest_route=\/wp\/v2\/product\/1443"}],"collection":[{"href":"https:\/\/dannyukes.com\/index.php?rest_route=\/wp\/v2\/product"}],"about":[{"href":"https:\/\/dannyukes.com\/index.php?rest_route=\/wp\/v2\/types\/product"}],"wp:featuredmedia":[{"embeddable":true,"href":"https:\/\/dannyukes.com\/index.php?rest_route=\/wp\/v2\/media\/1450"}],"wp:attachment":[{"href":"https:\/\/dannyukes.com\/index.php?rest_route=%2Fwp%2Fv2%2Fmedia&parent=1443"}],"wp:term":[{"taxonomy":"product_cat","embeddable":true,"href":"https:\/\/dannyukes.com\/index.php?rest_route=%2Fwp%2Fv2%2Fproduct_cat&post=1443"},{"taxonomy":"product_tag","embeddable":true,"href":"https:\/\/dannyukes.com\/index.php?rest_route=%2Fwp%2Fv2%2Fproduct_tag&post=1443"}],"curies":[{"name":"wp","href":"https:\/\/api.w.org\/{rel}","templated":true}]}}